mber?
True
Suppose w = -2*w + 12. Suppose g = w*g - 105. Is g composite?
True
Let h = -23 - -26. Let r = 10 + h. Is r composite?
False
Suppose 3*o - 7*o = 220. Suppose -5*y = -2*n - 458, -y = -0*n - n - 91. Let h = o + y. Is h composite?
False
Let r(f) = -11*f - 23. Is r(-10) a composite number?
True
Let x = -2 - -4. Let l be (x - 0) + -2 + 2. Suppose l*z - 603 = 235. Is z prime?
True
Let z(u) = -116*u - 1. Let l be z(-1). Suppose w + 0*w = l. Is w composite?
True
Let z = 467 - 276. Is z a prime number?
True
Suppose -5*v = -2*v - 54. Let d = -13 + v. Is 2/d - 253/(-5) prime?
False
Suppose 3*s = -5*b, 3*s + 3*b - 6*b = 0. Suppose s*r + 42 = r. Suppose -3*n - 2*x = -5*x - r, -5 = 5*x. Is n a composite number?
False
Suppose 3*j + 3*o - 90 = -0*j, -5*o - 58 = -3*j. Let c = 59 - j. Is c a composite number?
True
Suppose 0*z + 2385 = -z. Is (z/18)/((-2)/4) prime?
False
Let t = -34 - 83. Let u = t - -280. Is u a composite number?
False
Suppose 5*j = m - 1141, 4*j + 0*j = 4*m - 4500. Is m a composite number?
True
Let y = 2688 + -1787. Is y a composite number?
True
Let g = 11 + -1. Suppose -x + 275 = g. Is x a composite number?
True
Suppose 60 = 2*i - 98. Is i prime?
True
Let h(x) be the first derivative of x**3/3 + 8*x**2 - 3. Let t be h(-8). Let s = t + 98. Is s a composite number?
True
Suppose 4*w = -3*c + 2*w + 23, -c + 4*w = -31. Suppose 0 = 2*z + 4*a - 1 + c, 11 = -5*z + 4*a. Is -1 - -2 - (z - 3) a prime number?
True
Let s(w) = -w**2 - 4*w + 7. Let g be s(-5). Let o(d) = -d**g - 6*d**3 - 4*d - 3 + 2*d**3 + 0*d - 3*d**2. Is o(-2) prime?
False
Let x = -630 + 431. Let y = x + 386. Is y prime?
False
Let g be (-2)/(-7) + (-195)/21. Let p = 16 + g. Is p prime?
True
Let m = 6 - 2. Let s(w) = 15*w - 2. Is s(m) composite?
True
Let v(s) = -s**3 - 11*s**2 - 9*s - 7. Is v(-14) a prime number?
False
Suppose 2358 = 6*n + 708. Let g = n - 52. Is g prime?
True
Let z = 176 - 35. Is z a prime number?
False
Let n(w) = -w**2 + 2*w - 1. Let j be n(2). Let s be -3 + j/((-3)/279). Suppose 4*x - 2 - s = 0. Is x a prime number?
True
Let k be (-3 - 4) + (-2 - -3). Let h = 17 + k. Is h a composite number?
False
Let m be 1/(-2)*0/(-1). Let o = -1 - m. Is ((-9)/6 - o)*-226 a prime number?
True
Let i be (-12)/8 - 267/(-2). Let s = 105 + -70. Let a = i - s. Is a prime?
True
Let u(f) = -18*f**2 + 2*f - 1. Let n(q) = 19*q**2 - 3*q. Let o(j) = -2*n(j) - 3*u(j). Is o(2) prime?
True
Suppose 0 = -3*l + 949 - 94. Let i = l - 170. Is i a composite number?
True
Let g(w) be the second derivative of 4*w**3/3 - w**2 - 3*w. Is g(6) a composite number?
True
Let n be (1 + 2)/((-3)/(-5)). Let t be (-14)/(-5) - (-1)/n. Suppose 0 = 3*j - t*i - 0*i - 27, -2*i = j. Is j a composite number?
True
Suppose 0 = 4*h - h. Is 157 - (-1 + h)*2 a composite number?
True
Let j(m) be the third derivative of m**5/60 - 7*m**4/24 + m**3/3 + m**2. Let u be j(7). Suppose -3*x + 3 = -3, -s - u*x = -6. Is s composite?
False
Let f = -12 - -42. Let h = 9 + f. Is h a composite number?
True
Let h = 2 + -5. Let x be h/((1 - 2) + 0). Suppose 0 = -4*l + x + 41. Is l composite?
False
Let l(o) = o**3 - 1. Let y(n) = 2*n**3 - n**2 + n + 3. Let j(i) = l(i) - y(i). Let w be j(-3). Is (w/(-2))/((-2)/4) a composite number?
True
Suppose -u = 2*u - 9. Suppose u*r = 2*t - 334, 3*t - 2*r = -0*t + 491. Is t a composite number?
True
Let s be 2 + 1 - (0 - -2). Suppose 5*u - s - 24 = 0. Let c(m) = 2*m**2 - 6*m - 1. Is c(u) a prime number?
True
Suppose 8 = j - 2*r - 2*r, 0 = -r - 3. Let a(l) = l - 1. Let d(y) = y**2 - 4*y + 3. Let k(x) = 4*a(x) + d(x). Is k(j) a prime number?
False
Let l(x) = -x**3 - 9*x**2 - 10*x + 9. Suppose 0*m - 5 = -5*m. Let w = m + -9. Is l(w) a composite number?
True
Let j(h) = h**2 + 4. Let i be 2 + -2 + (2 - 2). Let d be j(i). Suppose f = -4*c + 13, 0 = 3*f - f + d*c - 34. Is f prime?
False
Suppose -4*l - 2*g = -2580, -2*g = 5*l - 2848 - 379. Is l a composite number?
False
Let a(o) = -o**2 - 8*o + 9. Let g be a(-9). Suppose 3*u + 2*q - 5 = g, -3*u + 8 = -u - q. Suppose u*l = -l + 132. Is l prime?
False
Let g be (-2 + -1 + 0)*3. Suppose -5*q = -2*o + 31 + 216, -o + 116 = -4*q. Let r = o + g. Is r a composite number?
False
Suppose 4*u - 3 = u. Let b(t) = 164*t**3 - 1. Is b(u) composite?
False
Let r(j) = -2*j**3. Let c be r(-1). Suppose -16 = -c*i - 2. Is i prime?
True
Suppose -5*v + 15 = 0, 3*v - 235 = -4*i + 2482. Is i a prime number?
True
Suppose -l - 4*l - 150 = 0. Is 12/l - (-417)/5 prime?
True
Let q(b) = -5*b. Let a(w) = -14*w - 1. Let g(k) = 3*a(k) - 8*q(k). Let x be g(-4). Suppose 2*c - 4*c - 2*f = -160, -x*f = 25. Is c a prime number?
False
Let j(h) = 5*h**2 - 3*h + 1. Let b be 2 + -3*3/(-9). Is j(b) a composite number?
False
Suppose 5*o + 50 = 2*x + 3*x, -4*o = 4*x - 8. Let r = x + -3. Suppose -r*q + 4*q - 13 = 0. Is q prime?
True
Is -2*(-1)/(-8) - (-14065)/20 a composite number?
True
Let r(t) = t**2 + t - 11. Is r(9) composite?
False
Let j be (-5)/((-10)/(-4)) - -354. Let w = 509 - j. Is w a composite number?
False
Let b = 0 + 8. Let o be 40/(-18) + b/36. Is (-854)/(-6) - o/3 a prime number?
False
Let b = 10 - 4. Let i = -4 + b. Is -1 - -25 - 2/i a composite number?
False
Let g(r) be the first derivative of r**4/4 + 5*r**3/3 - r**2/2 - 3*r - 2. Let x be g(-5). Suppose 5*k - 15 = 0, -3*k + 2*k = x*h - 113. Is h a composite number?
True
Suppose 4*q + 2*s - 354 = 0, 0 = -0*q - q + 3*s + 92. Is q prime?
True
Is (21/(-6))/((-2265)/1130 - -2) a prime number?
False
Let u = 195 + -134. Suppose 237 + u = 2*v. Is v a prime number?
True
Let k be 2/5 + (-48)/20. Let s(t) = -t**3 + 3*t + 3. Let w be s(k). Suppose w*y - 170 = 5*i, -2*y = -y + 3*i - 46. Is y a composite number?
False
Let m = 13 + -13. Suppose 2*i = -m*i + 4, -4*i = -2*h + 162. Is h a composite number?
True
Let h = 0 - -2. Let r(u) = u + 1. Let g be r(h). Suppose -g*c = c - 124. Is c a prime number?
True
Suppose -3*b + 0*b = 0, 3*b = -2*k + 30. Suppose 0 = -3*o + 7*o + 2*d - 246, 3*d - k = 0. Is o a prime number?
True
Let i(p) = -p**3 - 9*p**2 - 4*p - 3. Suppose 0 = -4*j - 0*j - 36. Is i(j) a composite number?
True
Let n = 489 - -418. Is n prime?
True
Let v = 3082 - 1601. Is v composite?
False
Let u be (28/5)/(10/25). Let n be 3272/u + 2/7. Let l = n - 115. Is l prime?
False
Let w(m) = -3*m**2 + 2*m - 6. Let v be w(10). Let z = -191 - v. Suppose -5*a = -0*a - z. Is a a prime number?
True
Let y(l) = 6*l - 1. Let f be y(1). Suppose -6 = -f*x - 16. Is (4/x - 0) + 93 composite?
True
Let c = -110 - -12. Is (c/3)/((-2)/3) prime?
False
Let b be 957/4 - 6/(-8). Let r = b - 108. Let g = r - 79. Is g composite?
False
Suppose -d = -5*c + 27, -5*d + 3*c = 52 + 39. Let s = d + 39. Is s a composite number?
True
Let g = -689 + 1276. Is g a prime number?
True
Let d = -578 + 1071. Is d a composite number?
True
Let k(y) be the first derivative of y**2/2 + 14*y - 8. Is k(0) prime?
False
Let j(d) = -37*d + 5. Let s = 6 + -8. Is j(s) a prime number?
True
Let w = 525 - 365. Let z = w + -49. Is z a prime number?
False
Let d(i) be the second derivative of i**5/20 - 5*i**4/12 - i**3 - i**2/2 - i. Let m be (-1)/(60/21 + -3). Is d(m) prime?
False
Suppose 2*o + 4*n = 9410, -4*o + 2*n - 1034 = -19874. Suppose -2*p = 2*r + 3*r - o, -3*p = 2*r - 1877. Is r a prime number?
False
Suppose q - 6*q + 1527 = 2*l, -3*q - 2989 = -4*l. Is l composite?
False
Let r be 2 + 4 - (-3)/1. Is (248/12)/(2/r) composite?
True
Suppose -5*q + 3*q = 0. Suppose 815 = 5*d - q*d. Is d prime?
True
Let a = 27 + 8. Is a composite?
True
Suppose -n + 46 + 72 = 0. Suppose c - 3*c = -n. Is c a composite number?
False
Let w(f) = f**3 - 16*f**2 + 15*f - 11. Let a be w(15). Suppose 3*m - t = t + 128, 2*m = 4*t + 88. Let g = a + m. Is g a composite number?
False
Let z be 3/(1*(-6)/44). Let b = 37 + z. Is b prime?
False
Let m(k) = k**3 - 10*k**2 - 3*k - 2. Let x be m(8). Let c = -87 - x. Is c prime?
True
Suppose 5*z - 3 - 7 = 0. Let k be z/6 + 2/3. Let d = 3 + k. Is d a composite number?
True
Let d(k) = 37*k - 5. Is d(4) a composite number?
True
Let n be 6/15 + 123/5. Suppose -3*k - 4*l = -87 - 58, 0 = 5*l + n. Is k composite?
True
Let o(n) = -14*n - 2. Let f(g) = -g - 1. Let t(k) = 3*f(k) - o(k). Is t(2) a composite number?
True
Is (2/5 - (-30)/50)*1847 a prime number?
True
Suppose 6*h - 3994 = 4418. Is h prime?
Fals